
-153
What is 17 + (-24 - -8 - (-21 - -26))?
-4
Evaluate (-9 - (67 + -37)) + -13 - -5.
-47
Calculate 180 + -179 + (37 - -10).
48
Evaluate -24 + -28 - -69 - (1 + -1).
17
Evaluate 4 + (-131 - 0) - ((0 - -20) + (128 - 140)).
-135
What is the value of 18 - (16 + -6) - ((-5 - (4 - 7)) + 5)?
5
Evaluate (56 - 40) + -38 - -41.
19
What is the value of 48 + (13 + 8 + -22 - 7)?
40
What is (31 + -3 - 11) + (48 - 7)?
58
220 - 243 - (4 + 36)
-63
Calculate (-563 + 223 - -335) + 0 + -1 + (1 - 26).
-31
What is the value of 174 + (-17 - (4 + 73))?
80
7 - (18 + (-39 - (6 + -16)))
18
Calculate 121 + -136 + -9 + -64 + 10.
-78
What is the value of -118 - -3 - (1024 + -1145)?
6
Evaluate -127 + (2 - 4) + -2318 + 2334.
-113
What is -14 + 39 + -19 + 13 - 19?
0
What is -91 + -55 + 118 + -76?
-104
Evaluate (295 - 412) + (-2 - -69).
-50
Calculate -51 + (320 - (125 + 14)).
130
Evaluate -3 + (-52 - 8) - (5 + 2) - -7.
-63
6 + (79 - (13 - -21) - (2 - -10))
39
Evaluate -78 + 25 + 114 + -4.
57
Calculate -75 + 62 - (1 - 11) - (-60 + (2 - 3)).
58
What is the value of 31 + -34 + (-6 + -1 - 3) + -2?
-15
Evaluate (-3 - -7) + -1 - (8 - 17) - 37.
-25
Evaluate 27 + 67 - (-2 + -13 + (15 - 18)).
112
What is the value of 22 + 7 + (6 + -2 + 9 - (13 + -2))?
31
-54 + (17 - 3) - -12
-28
-145 - -170 - (8 + -1 + -17 + 18)
17
Evaluate 299 + 149 + -416 - (-14 + -1 + 0).
47
(8 - -1 - ((-24 - -8) + 50)) + 7
-18
Calculate -36 - -1 - 2 - (-47 - (-28 - 22)).
-40
What is the value of -5 + 6 + (-151 + 166 - (-56 + 1))?
71
Calculate -3889 + 3896 + (2 - 88 - (2 + 1)) - 1.
-83
Calculate 41 - (-26 - -24) - (-8 - (-11 - 2)).
38
Calculate -88 - (-13 - 7 - (73 - 45)).
-40
What is (3 - 4) + 7 + (-15 - 2) + 10?
-1
Evaluate -44 - 4 - (63 + -20) - 6.
-97
Calculate 42 - ((-6 - (0 + 25)) + 32).
41
What is the value of -18 + (0 - (-44 + -4))?
30
What is (30 - 24) + 7 + 16?
29
What is -4 + -8 - (-23 + 7) - 28?
-24
What is (-29 - (-7 - 0)) + (-34 - -21)?
-35
-41 + 0 - (21 - 25 - (-13 + (13 - 10)))
-47
What is -97 - (-298 - -99) - 31?
71
Evaluate (-75 - (1 + 1 + (-7 - 4) + 9)) + 9.
-66
Evaluate 98 - (-5 - (7 - 29)).
81
Calculate (-8 - 4 - 3) + 15 - -64 - (-10 - 0).
74
Evaluate -16 - (-16 + 5 - (-139 - -8)).
-136
What is 1 - 5 - 20 - (719 - 765)?
22
What is the value of 142 - (143 - (-122 - -33))?
-90
Evaluate -1 - (46 + (-11 - -14)) - (11 - 9).
-52
Calculate 7 + 39 + (-15 - 3) + 4.
32
40 - 45 - (-4 - -1) - -25
23
Evaluate -22 - -26 - (4 + -8) - (13 - -3).
-8
What is -52 - -141 - (-6 - (0 - (5 - 0)))?
90
What is the value of -3 + 12 + -11 + 22 + -24?
-4
What is (-16 - (49 - (42 - 27))) + -3?
-53
-59 - -97 - (32 - 9)
15
Evaluate (0 - -30) + 1 + (-10 - (-16 + 10)) + -5.
22
What is 53 + (20 - 39) + -20 + (-5 - (-1 - 0))?
10
What is 2 + -6 + 3 + 3 + -8 + 1 + -33?
-38
Evaluate (22 - 11 - 41) + 39 + -5.
4
What is -64 + 106 + -64 - (9 - 1)?
-30
Calculate -19 - (50 + 35 - 37).
-67
What is the value of (67 - 24) + 12 - -9?
64
Evaluate 4 - ((6 + 2 - 23) + 10) - (2 + 24).
-17
Calculate 457 - 497 - (4 - (-4 - 4)).
-52
Calculate 37 - (34 - 16 - (12 + -8 + 3)).
26
Calculate -1 + -11 + 219 + 119 + -272.
54
What is 11 + -18 + 17 + 0 - (4 - -41)?
-35
-40 + 105 + -63 + -6
-4
1143 + -1148 + -5 + 0 + 2 + -4
-12
What is -59 - (51 - 66) - -6?
-38
What is the value of -1 + 12 + (48 + -87 - -42)?
14
Calculate (8 - 2) + 6 + 58 + -58 + 73.
85
Evaluate 28 - 31 - (7 - (-3 - (-12 - -3))).
-4
Evaluate (4 - -1) + 23 + -23 + 48 + -56.
-3
Calculate -11 + (-2 - -26) + 3 - (14 + -22).
24
129 - 14 - (410 - 185)
-110
What is the value of 0 + 3 + -1 + 16 + (-11 - -5)?
12
0 + (14 + -9 - -3 - 30)
-22
What is the value of (-1 - 0) + (10 - 0) + (-1890 - -1794)?
-87
15 + (156 + -129 - (9 - 4))
37
Calculate (-32 - -126) + -41 - 75.
-22
What is (-5 - -11) + -3 + 1 + -7?
-3
Calculate 37 + -185 + 186 + -125.
-87
Calculate -18 - (-25 + (25 + -24 - 19)).
25
-27 - 1 - (-2291 + 2236)
27
91 + -169 + -79 + 78
-79
Evaluate (1 - -6) + (51 - 170) + 57.
-55
What is -3 + -24 + -68 + 124 + -53?
-24
-22 + ((-58 - 8) + 57 - (-11 + (0 - -2)))
-22
Evaluate -39 + (19 - 3) + (-67 - -49).
-41
Calculate -99 - -137 - (118 + -58).
-22
What is the value of (-206 - -16) + -414 + 528?
-76
Calculate 7 + (3 - -2) + -8 + (-30 - -24).
-2
What is the value of -5 - -11 - (-2 - (-9 + -1) - (909 - 897))?
10
61 - (-113 - -18 - -86)
70
Evaluate (-441 - -308) + (16 - (5 - 6 - (-3 - -1))).
-118
What is 24 - (28 + -26 + -2 - 1)?
25
Calculate 40 + (-39 - -20) - (6 - -9).
6
33 + 26 + -23 + -3 + -2
31
Calculate 49 + -25 + (14 - -4) + -24.
18
What is -20 - ((-6 - (18 + -34)) + -15)?
-15
What is -7 + (-12 - -44) + -26 - (0 + -2 - 27)?
28
Evaluate 79 + -91 + 30 + -37.
-19
What is -164 - (-217 + 50) - (-3 + 21)?
-15
Evaluate 0 + -10 + (69 - 22) + -23 - 75.
-61
Evaluate 50 + (4 - (-9 + 6)) - (-66 + 49).
74
What is 13 + 1 + (13 - (-9 - -23 - 10))?
23
-21 + 32 + (24 - (29 + 10))
-4
What is the value of 25 - 66 - (-9 + 3) - ((9 - -2) + -13)?
-33
Evaluate (0 - -5) + 15 + (-12 - (18 - 2 - 4)).
-4
What is the value of (4 - 5) + (-4 - (-13 - -2)) + 39 + -2?
43
What is the value of (54 - 40) + -13 + -3 + 4 + -66?
-64
Evaluate -33 + -13 + (-11 - ((-12 - 3) + 4)).
-46
(33 - -31) + -64 + (-10 - -3) - 62
-69
Calculate -1 - 59 - (41 + (-50 - 14)).
-37
Calculate (60 + -7 - -14) + -28 + (4 - -10).
53
Evaluate (-42 - (15 - 33)) + -22.
-46
Calculate (115 - (-41 + 237)) + 57.
-24
What is (-27 + (-2 - -16) - (122 - (-2 - -4))) + 1?
-132
What is the value of (-5 - 6 - (-17 + -12)) + -7?
11
(-8 + -13 - (-17 - -11)) + 23 - (0 - -28)
-20
Evaluate 2 + 19 + -16 + -3 + 2 + -44.
-40
What is the value of -11 - (5 + (2 - (2 + -2)) + (-40 - -40))?
-18
What is the value of 3 + (24 + -16 - 13 - (-10 - -18))?
-10
What is (3 + -2 - 0) + (-4 - 2) - (0 + 12)?
-17
What is the value of (-2 + (-11 - -4) + 7 - -43) + -12?
29
What is (-15 - -11 - (-11 - -12)) + 4 + -10?
-11
What is the value of 47 - (-21 + 29 - 23) - -17?
79
What is the value of (-17 - 28) + (1 - (-13 + -4))?
-27
What is 87 + -137 + 64 + 49?
63
What is the value of 13 - 2 - 13 - (15 - (-91 - -14))?
-94
Calculate (-1 - (10 - 2)) + (-24 + -14 + 20 - -8).
-19
Calculate 14 + (-36 - -9) - 2.
-15
Calculate 68 - (78 + -12 - 18) - -103.
123
Calculate 19 + (-124 - (10 + -4 - -10 - 14)).
-107
What is the value of -54 - (-27 + 21) - -36?
-12
What is the value of (32 - 1 - (-699 - -700)) + -107?
-77
What is -11 + 3 - (10 - (-60 + 54 + -27))?
-51
Calculate -8 + (4 - -6) + -16 - (-12 + -1).
-1
Calculate 3 + 15 + 447 + -456 + -1 + 65.
73
What is the value of (-2 - 9) + (-4 - (-47 + 22))?
10
21 - ((-16 - (28 + (-29 - 9))) + 1 + -6)
32
Calculate (933 - 952 - (-11 + -1)) + (-2 - 0).
-9
What is the value of 5 + 1 - (-1258 - -1273)?
-9
Evaluate -17 + (2 - (0 + -17) - (-201 + 215)).
-12
What is 9 + 44 - (-33 - (-18 - 36))?
32
(-24 - (-1 + 2)) + 3043 + -3022
-4
What is the value of 7 + -31 + 17 - -16 - 15?
-6
What is the value of 4 - (14 + -26 + 26 + -39)?
29
Calculate -6 - (5 - (5 - 19 - -12)) - -41.
28
What is the value of (-1 + 1 - 2) + (116 - (-41 - -88))?
67
What is the value of -2912 - -2882 - (-2 + (-1 - (-2 - -2)))?
-27
Calculate 0 - (-52 + 1 + -2) - (5730 + -5733).
56
4 - ((2 - -16) + (274 - 273))
-15
Evaluate (-18 - -43) + 8 + -20 + -7.
6
What is -24 - -15 - 15 - (7 + 43)?
-74
What is the value of 145 - 129 - (-29 + (21 - 11))?
35
What is the value of -71 + (14 - (-142 + 107))?
-22
Evaluate 35097 + -35154 - (-132 + 0).
75
What is the value of 47 - (94 - -97) - -96?
-48
Calculate (30 - -7) + (1 - 0 - (-5 - (7 + -3))).
47
What is (68 - 82) + (19 - (7 - 1))?
-1
Evaluate -11 - -100 - (14 + -33) - -31.
139
What is -187 + 63 - -98 - (-22 + -2)?
-2
-90 - 7 - (-416 + 316)
3
Calculate 78 - ((-1 - -5) + (-102 - -99) + 1).
76
Evaluate 1 - (1 - 18) - (-2297 - -2299).
16
Evaluate (107 - 85) + -35 + -3.
-16
Calculate (9 - 1 - (-5 + 17 - -2)) + (3 - 50).
-53
What is -20 - ((2 - 47) + 45)?
-20
Calculate (8 - -40) + -10 - (8 + 6 + -24 - -18).
30
Evaluate -6 - (7 + -3 - (-2 + 8 - -2)).
-2
Calculate (9 + 11 - 35) + -7 - -46.
24
What is the value of 9 - (22 - 3) - (-5 - (2 + 1 - 37))?
-39
What is the value of -31 + 65 + (14 - -30) - -24?
102
-7 + (-6 + (-3 - 6) + 4 - (-6 + -32))
20
Evaluate 35 - 47 - (-4 + 12) - (-2 + 10).
-28
Calculate (-13 - 0) + (-8 - (-19 + 17)).
-19
-4 - (-26 - -2 - -15 - -33)
-28
Evaluate 